{"id":5983,"date":"2020-09-10T12:00:43","date_gmt":"2020-09-10T10:00:43","guid":{"rendered":"https:\/\/www.defensiebrandweer.nl\/?page_id=5983"},"modified":"2023-06-23T08:21:05","modified_gmt":"2023-06-23T06:21:05","slug":"kaz-381","status":"publish","type":"page","link":"https:\/\/www.defensiebrandweer.nl\/index.php\/kaz-381\/","title":{"rendered":"Kaz-381: Venlo &#8211; Frederik Hendrikkazerne"},"content":{"rendered":"<p>Op deze pagina tref je informatie aan van:<\/p>\n<p><strong>Venlo &#8211; Frederik Hendrikkazerne<\/strong><br \/>\n<strong>Garnizoenweg 1-3 ,5928 NA Venlo<\/strong><\/p>\n<p style=\"text-align: center;\"><img loading=\"lazy\" decoding=\"async\" class=\"size-medium wp-image-8019 aligncenter\" src=\"https:\/\/www.defensiebrandweer.nl\/wp-content\/uploads\/2020\/10\/kaz-381-01-Venlo-Frederik-hendrikkazerne-JOKN-450x299.jpg\" alt=\"\" width=\"450\" height=\"299\" \/><br \/>\nFoto: \u00a9jeoudekazernenu.nl<\/p>\n<p><img loading=\"lazy\" decoding=\"async\" class=\"size-medium wp-image-12066 aligncenter\" src=\"https:\/\/www.defensiebrandweer.nl\/wp-content\/uploads\/2021\/05\/kaz-381-02-Venlo-Frederik-Hendrikkazerne-Rijopleiding-450x267.jpg\" alt=\"\" width=\"450\" height=\"267\" srcset=\"https:\/\/www.defensiebrandweer.nl\/wp-content\/uploads\/2021\/05\/kaz-381-02-Venlo-Frederik-Hendrikkazerne-Rijopleiding-450x267.jpg 450w, https:\/\/www.defensiebrandweer.nl\/wp-content\/uploads\/2021\/05\/kaz-381-02-Venlo-Frederik-Hendrikkazerne-Rijopleiding-768x455.jpg 768w, https:\/\/www.defensiebrandweer.nl\/wp-content\/uploads\/2021\/05\/kaz-381-02-Venlo-Frederik-Hendrikkazerne-Rijopleiding-700x415.jpg 700w, https:\/\/www.defensiebrandweer.nl\/wp-content\/uploads\/2021\/05\/kaz-381-02-Venlo-Frederik-Hendrikkazerne-Rijopleiding.jpg 960w\" sizes=\"auto, (max-width: 450px) 100vw, 450px\" \/><\/p>\n<p style=\"text-align: center;\">Foto: Ansichtkaart, fotograaf en datum (nog) onbekend<\/p>\n<p>&nbsp;<\/p>\n<p>Dit complex was in gebruik bij de KL van 1913 &#8211; 2002.<\/p>\n<p>Hier was gevestigd: de RijSchool Venlo (RSV).<\/p>\n<p>Uiteindelijk, vooral vanaf 1967, werden er aan deze Limburgse Rijschool vele dienstplichtigen opgeleid.<br \/>\nNa het be\u00ebindigen van de opkomstplicht in 1996 werden de rijopleidingen \u00e9\u00e9n voor \u00e9\u00e9n opgeheven en ook de Rijschool Venlo moest in 2002 sluiten.<br \/>\nSlechts de marechaussee en het Korps Nationale Reserve maakten nog gebruik van de kazerne.<\/p>\n<p>Het complex is in 2006 gekocht door de gemeente Venlo.<\/p>\n<p><img loading=\"lazy\" decoding=\"async\" class=\"alignnone size-medium wp-image-4074 aligncenter\" src=\"https:\/\/www.defensiebrandweer.nl\/wp-content\/uploads\/2020\/08\/Brwredline-450x5.gif\" alt=\"\" width=\"450\" height=\"5\" \/><\/p>\n<p>Defensiebrandweer activiteiten: Nog niet bekend.<\/p>\n<p>&nbsp;<\/p>\n<p>&nbsp;<\/p>\n<p>Link naar kazerne pagina van het onderdeel: <a href=\"http:\/\/jeoudekazernenu.nl\/kazernes-a-f\/fredhvenlo\/x-frederikhendrik-venlo.html\" target=\"_blank\" rel=\"noopener noreferrer\">jeoudekazernenu.nl<\/a>.<\/p>\n<p>Link naar Wikipedia pagina van het onderdeel: <a href=\"https:\/\/nl.wikipedia.org\/wiki\/Frederik_Hendrikkazerne_(Venlo)\" target=\"_blank\" rel=\"noopener noreferrer\">Wikipedia &#8211; Venlo\u00a0 Frederik Hendrikkazerne<\/a>.<\/p>\n<p><img loading=\"lazy\" decoding=\"async\" class=\"alignnone size-full wp-image-392 aligncenter\" src=\"https:\/\/www.defensiebrandweer.nl\/wp-content\/uploads\/2020\/06\/Defensiebrandweer-NL-Outline-kl-goed-72-1.jpg\" alt=\"\" width=\"250\" height=\"21\" \/><\/p>\n<p style=\"text-align: center;\">Terug naar de pagina <strong><a href=\"https:\/\/www.defensiebrandweer.nl\/index.php\/locaties-defensie-2020\/\" target=\"_blank\" rel=\"noopener noreferrer\">Locaties Defensie<\/a>.<\/strong><\/p>\n<p style=\"text-align: center;\">Terug naar het <a href=\"https:\/\/www.defensiebrandweer.nl\/index.php\/spreadsheet-test-5\/\" target=\"_blank\" rel=\"noopener noreferrer\"><strong>Kentekenregister<\/strong> <strong>Brandweervoertuigen Defensie<\/strong><\/a>.<\/p>\n<p style=\"text-align: center;\">Terug naar de\u00a0 <strong><a href=\"https:\/\/www.defensiebrandweer.nl\/index.php\/stamkaarten-lijst\/\" target=\"_blank\" rel=\"noopener noreferrer\">Stamkaarten Lijst pagina<\/a>.<\/strong><\/p>\n<p style=\"text-align: center;\">Terug naar de <strong><a href=\"https:\/\/www.defensiebrandweer.nl\/\" target=\"_blank\" rel=\"noopener noreferrer\">Voorpagina<\/a>.<\/strong><\/p>\n<p style=\"text-align: center;\">Deze pagina is bijgewerkt op <strong>13-05-2021<\/strong>. FB.<\/p>\n<p><img loading=\"lazy\" decoding=\"async\" class=\"alignnone wp-image-17 aligncenter\" src=\"https:\/\/www.defensiebrandweer.nl\/wp-content\/uploads\/2020\/06\/Defensiebrandweer-logo-2020-002-Rond-1.jpg\" alt=\"\" width=\"80\" height=\"80\" \/><\/p>\n<p>&nbsp;<\/p>\n","protected":false},"excerpt":{"rendered":"<p>Op deze pagina tref je informatie aan van: Venlo &#8211; Frederik Hendrikkazerne Garnizoenweg 1-3 ,5928 NA Venlo Foto: \u00a9jeoudekazernenu.nl Foto: Ansichtkaart, fotograaf en datum (nog) onbekend &nbsp; Dit complex was in gebruik bij de KL van 1913 &#8211; 2002. Hier was gevestigd: de RijSchool Venlo (RSV). Uiteindelijk, vooral vanaf 1967, werden er aan deze Limburgse [&hellip;]<\/p>\n","protected":false},"author":1,"featured_media":0,"parent":0,"menu_order":0,"comment_status":"closed","ping_status":"closed","template":"page_fullwidth.php","meta":{"_bbp_topic_count":0,"_bbp_reply_count":0,"_bbp_total_topic_count":0,"_bbp_total_reply_count":0,"_bbp_voice_count":0,"_bbp_anonymous_reply_count":0,"_bbp_topic_count_hidden":0,"_bbp_reply_count_hidden":0,"_bbp_forum_subforum_count":0,"_crdt_document":"","advgb_blocks_editor_width":"","advgb_blocks_columns_visual_guide":"","footnotes":""},"class_list":["post-5983","page","type-page","status-publish","hentry"],"coauthors":[],"author_meta":{"author_link":"https:\/\/www.defensiebrandweer.nl\/index.php\/author\/adm-fred\/","display_name":"Fred"},"relative_dates":{"created":"Geplaatst 6 jaar geleden","modified":"Bijgewerkt 3 jaar geleden"},"absolute_dates":{"created":"Geplaatst op 10 september 2020","modified":"Bijgewerkt op 23 juni 2023"},"absolute_dates_time":{"created":"Geplaatst op 10 september 2020 12:00","modified":"Bijgewerkt op 23 juni 2023 08:21"},"featured_img_caption":"","featured_img":false,"series_order":"","_links":{"self":[{"href":"https:\/\/www.defensiebrandweer.nl\/index.php\/wp-json\/wp\/v2\/pages\/5983","targetHints":{"allow":["GET"]}}],"collection":[{"href":"https:\/\/www.defensiebrandweer.nl\/index.php\/wp-json\/wp\/v2\/pages"}],"about":[{"href":"https:\/\/www.defensiebrandweer.nl\/index.php\/wp-json\/wp\/v2\/types\/page"}],"author":[{"embeddable":true,"href":"https:\/\/www.defensiebrandweer.nl\/index.php\/wp-json\/wp\/v2\/users\/1"}],"replies":[{"embeddable":true,"href":"https:\/\/www.defensiebrandweer.nl\/index.php\/wp-json\/wp\/v2\/comments?post=5983"}],"version-history":[{"count":10,"href":"https:\/\/www.defensiebrandweer.nl\/index.php\/wp-json\/wp\/v2\/pages\/5983\/revisions"}],"predecessor-version":[{"id":21441,"href":"https:\/\/www.defensiebrandweer.nl\/index.php\/wp-json\/wp\/v2\/pages\/5983\/revisions\/21441"}],"wp:attachment":[{"href":"https:\/\/www.defensiebrandweer.nl\/index.php\/wp-json\/wp\/v2\/media?parent=5983"}],"curies":[{"name":"wp","href":"https:\/\/api.w.org\/{rel}","templated":true}]}}

<p>Op deze pagina tref je informatie aan van:</p>
<p><strong>Venlo &#8211; Frederik Hendrikkazerne</strong><br />
<strong>Garnizoenweg 1-3 ,5928 NA Venlo</strong></p>
<p style="text-align: center;"><img loading="lazy" decoding="async" class="size-medium wp-image-8019 aligncenter" src="https://www.defensiebrandweer.nl/wp-content/uploads/2020/10/kaz-381-01-Venlo-Frederik-hendrikkazerne-JOKN-450x299.jpg" alt="" width="450" height="299" /><br />
Foto: ©jeoudekazernenu.nl</p>
<p><img loading="lazy" decoding="async" class="size-medium wp-image-12066 aligncenter" src="https://www.defensiebrandweer.nl/wp-content/uploads/2021/05/kaz-381-02-Venlo-Frederik-Hendrikkazerne-Rijopleiding-450x267.jpg" alt="" width="450" height="267" srcset="https://www.defensiebrandweer.nl/wp-content/uploads/2021/05/kaz-381-02-Venlo-Frederik-Hendrikkazerne-Rijopleiding-450x267.jpg 450w, https://www.defensiebrandweer.nl/wp-content/uploads/2021/05/kaz-381-02-Venlo-Frederik-Hendrikkazerne-Rijopleiding-768x455.jpg 768w, https://www.defensiebrandweer.nl/wp-content/uploads/2021/05/kaz-381-02-Venlo-Frederik-Hendrikkazerne-Rijopleiding-700x415.jpg 700w, https://www.defensiebrandweer.nl/wp-content/uploads/2021/05/kaz-381-02-Venlo-Frederik-Hendrikkazerne-Rijopleiding.jpg 960w" sizes="auto, (max-width: 450px) 100vw, 450px" /></p>
<p style="text-align: center;">Foto: Ansichtkaart, fotograaf en datum (nog) onbekend</p>
<p>&nbsp;</p>
<p>Dit complex was in gebruik bij de KL van 1913 &#8211; 2002.</p>
<p>Hier was gevestigd: de RijSchool Venlo (RSV).</p>
<p>Uiteindelijk, vooral vanaf 1967, werden er aan deze Limburgse Rijschool vele dienstplichtigen opgeleid.<br />
Na het beëindigen van de opkomstplicht in 1996 werden de rijopleidingen één voor één opgeheven en ook de Rijschool Venlo moest in 2002 sluiten.<br />
Slechts de marechaussee en het Korps Nationale Reserve maakten nog gebruik van de kazerne.</p>
<p>Het complex is in 2006 gekocht door de gemeente Venlo.</p>
<p><img loading="lazy" decoding="async" class="alignnone size-medium wp-image-4074 aligncenter" src="https://www.defensiebrandweer.nl/wp-content/uploads/2020/08/Brwredline-450x5.gif" alt="" width="450" height="5" /></p>
<p>Defensiebrandweer activiteiten: Nog niet bekend.</p>
<p>&nbsp;</p>
<p>&nbsp;</p>
<p>Link naar kazerne pagina van het onderdeel: <a href="http://jeoudekazernenu.nl/kazernes-a-f/fredhvenlo/x-frederikhendrik-venlo.html" target="_blank" rel="noopener noreferrer">jeoudekazernenu.nl</a>.</p>
<p>Link naar Wikipedia pagina van het onderdeel: <a href="https://nl.wikipedia.org/wiki/Frederik_Hendrikkazerne_(Venlo)" target="_blank" rel="noopener noreferrer">Wikipedia &#8211; Venlo  Frederik Hendrikkazerne</a>.</p>
<p><img loading="lazy" decoding="async" class="alignnone size-full wp-image-392 aligncenter" src="https://www.defensiebrandweer.nl/wp-content/uploads/2020/06/Defensiebrandweer-NL-Outline-kl-goed-72-1.jpg" alt="" width="250" height="21" /></p>
<p style="text-align: center;">Terug naar de pagina <strong><a href="https://www.defensiebrandweer.nl/index.php/locaties-defensie-2020/" target="_blank" rel="noopener noreferrer">Locaties Defensie</a>.</strong></p>
<p style="text-align: center;">Terug naar het <a href="https://www.defensiebrandweer.nl/index.php/spreadsheet-test-5/" target="_blank" rel="noopener noreferrer"><strong>Kentekenregister</strong> <strong>Brandweervoertuigen Defensie</strong></a>.</p>
<p style="text-align: center;">Terug naar de  <strong><a href="https://www.defensiebrandweer.nl/index.php/stamkaarten-lijst/" target="_blank" rel="noopener noreferrer">Stamkaarten Lijst pagina</a>.</strong></p>
<p style="text-align: center;">Terug naar de <strong><a href="https://www.defensiebrandweer.nl/" target="_blank" rel="noopener noreferrer">Voorpagina</a>.</strong></p>
<p style="text-align: center;">Deze pagina is bijgewerkt op <strong>13-05-2021</strong>. FB.</p>
<p><img loading="lazy" decoding="async" class="alignnone wp-image-17 aligncenter" src="https://www.defensiebrandweer.nl/wp-content/uploads/2020/06/Defensiebrandweer-logo-2020-002-Rond-1.jpg" alt="" width="80" height="80" /></p>
<p>&nbsp;</p>
